 8, what is -653 + -5?
-660
In base 10, what is 98 + 13?
111
In base 9, what is -312 - -1?
-311
In base 9, what is 5 - 22?
-16
In base 9, what is 3 + 5?
8
In base 11, what is -899 + 5?
-894
In base 10, what is -5 - -469?
464
In base 5, what is 1 - 123?
-122
In base 9, what is -32 + -38?
-71
In base 10, what is -2548 + 2?
-2546
In base 14, what is -7 + a0?
97
In base 2, what is 1110110010 - 101?
1110101101
In base 14, what is 1 + 24d?
250
In base 16, what is -33a + -5?
-33f
In base 12, what is -215 - -42?
-193
In base 4, what is 12232 + 12?
12310
In base 12, what is 18 - 5a?
-42
In base 3, what is -2022 + -11?
-2110
In base 4, what is -2220022 - -1?
-2220021
In base 13, what is -8 - b?
-16
In base 10, what is 4 + 37?
41
In base 9, what is 12 + 18?
31
In base 13, what is -20 - -145?
125
In base 2, what is -101 + 111111?
111010
In base 12, what is -22b - 1a?
-249
In base 9, what is 26058 + 2?
26061
In base 11, what is 0 + -3a?
-3a
In base 11, what is 0 - -26?
26
In base 3, what is -1221211 - 0?
-1221211
In base 9, what is -3 - 1165?
-1168
In base 16, what is -f85 - 1?
-f86
In base 5, what is 11140 + -10?
11130
In base 3, what is -211 + -1012?
-2000
In base 8, what is 16056 + -1?
16055
In base 15, what is 33 + -2a?
8
In base 12, what is -100 - -11?
-ab
In base 5, what is -300234 - -1?
-300233
In base 2, what is 10 - 10101100100?
-10101100010
In base 7, what is -6016 - 2?
-6021
In base 11, what is 158 - 3?
155
In base 10, what is -248 + -7?
-255
In base 9, what is -18 - 124?
-143
In base 13, what is -7 - -56?
4c
In base 16, what is 61 + 2?
63
In base 2, what is 1010100011 - 1?
1010100010
In base 15, what is -1 + -36?
-37
In base 7, what is 5624 + 2?
5626
In base 7, what is 20 + 213?
233
In base 3, what is -1011 - 22201?
-100212
In base 6, what is -2 - 3020?
-3022
In base 16, what is 2 - -17?
19
In base 9, what is -8 - 3143?
-3152
In base 16, what is 66e + -4?
66a
In base 16, what is -1f2 + 2?
-1f0
In base 3, what is -12111 - -10?
-12101
In base 5, what is -123 + 1?
-122
In base 14, what is -1 - 137?
-138
In base 14, what is -5 + b7?
b2
In base 16, what is 195 + 9?
19e
In base 2, what is 111111 - 11110?
100001
In base 8, what is 4 - 503?
-477
In base 13, what is 4 - 1021?
-101a
In base 4, what is -10 + -100?
-110
In base 14, what is 245 + -2?
243
In base 10, what is 2 - 131?
-129
In base 3, what is 11 + 2100?
2111
In base 14, what is -10 - -6?
-8
In base 16, what is -31 - -34?
3
In base 14, what is -2 - 364?
-366
In base 14, what is 3 + 1766?
1769
In base 16, what is 1 + -a?
-9
In base 14, what is -2b0 - -2?
-2ac
In base 3, what is -120201 + 11?
-120120
In base 6, what is 5 + -444?
-435
In base 13, what is -b - 93?
-a1
In base 9, what is -25 + 0?
-25
In base 14, what is 0 - -10?
10
In base 6, what is -11 - -4535?
4524
In base 14, what is -4 + -17?
-1b
In base 3, what is 1200 - -222?
2122
In base 11, what is -62 - 5?
-67
In base 11, what is 1 - 3?
-2
In base 13, what is -27 - 17?
-41
In base 5, what is -14040 - -12?
-14023
In base 14, what is 1c + -c?
10
In base 10, what is -5 - 8?
-13
In base 2, what is 1100 - -1001101?
1011001
In base 10, what is 2 - 90?
-88
In base 10, what is 751 - -28?
779
In base 12, what is -452 - -4?
-44a
In base 12, what is -5 + -59?
-62
In base 15, what is 1 + b6?
b7
In base 13, what is 30 + 2b?
5b
In base 3, what is -2010211 + 10?
-2010201
In base 14, what is 40 - d?
31
In base 6, what is -1 + -110?
-111
In base 8, what is -6522 + -5?
-6527
In base 8, what is 1233 - 4?
1227
In base 2, what is -11 + 101100111000?
101100110101
In base 11, what is -83 + -12?
-95
In base 3, what is 10 + 10120?
10200
In base 16, what is 8e0 + 3?
8e3
In base 8, what is 10 - 144?
-134
In base 7, what is 56 - 10?
46
In base 16, what is -1 + c8e?
c8d
In base 9, what is 26838 + 0?
26838
In base 16, what is 2 + -42?
-40
In base 12, what is 15 + 76?
8b
In base 10, what is 47 + 4?
51
In base 16, what is f8 - 6a?
8e
In base 8, what is -4 - -43?
37
In base 10, what is -51 - -43?
-8
In base 8, what is -1470 + -55?
-1545
In base 7, what is 2314 - 5?
2306
In base 7, what is 1161 - -63?
1254
In base 14, what is 3 + 54?
57
In base 12, what is -b0 - -1?
-ab
In base 9, what is 3 + -21?
-17
In base 9, what is 7346 - -5?
7352
In base 9, what is 4 + 17?
22
In base 15, what is -30 + -1?
-31
In base 7, what is -14 - -52?
35
In base 3, what is 2122112 - -20?
2122202
In base 5, what is 1012 + -3?
1004
In base 7, what is 3 - -45?
51
In base 12, what is -72 + -1?
-73
In base 16, what is 1f + 1?
20
In base 15, what is 3 + -109?
-106
In base 2, what is -1011000101011 - 101?
-1011000110000
In base 16, what is -1 - -25?
24
In base 9, what is 10 - -20?
30
In base 6, what is -335 - 5?
-344
In base 7, what is 0 + -322?
-322
In base 5, what is 104 - -24?
133
In base 12, what is -4 + -136?
-13a
In base 16, what is 48 - 4?
44
In base 9, what is 1 + -3804?
-3803
In base 14, what is -3616 + -3?
-3619
In base 16, what is -891 + -4?
-895
In base 15, what is -d - 24?
-32
In base 5, what is -2 - -1212?
1210
In base 9, what is -17 + 5?
-12
In base 12, what is -22 + 4?
-1a
In base 11, what is 8 - -168?
175
In base 3, what is -112 + 10?
-102
In base 15, what is 20c + -5?
207
In base 5, what is -223432 + -3?
-223440
In base 15, what is 14 + 8b?
a0
In base 4, what is 212232 - 10?
212222
In base 15, what is -3 - e4a?
-e4d
In base 8, what is 35 + -424?
-367
In base 8, what is 247 - -1?
250
In base 13, what is -1 + 51?
50
In base 11, what is 8 - -12?
1a
In base 16, what is 3 + 5?
8
In base 14, what is -7 + 5?
-2
In base 12, what is 4 + -1?
3
In base 15, what is a + 2c8?
2d3
In base 12, what is -a6 - a?
-b4
In base 6, what is 50 + -3?
43
In base 3, what is 11100221 + -1?
11100220
In base 9, what is -5 + -1164?
-1170
In base 15, what is -4 - -142?
13d
In base 15, what is -4 + -22?
-26
In base 9, what is 5 - -81?
86
In base 6, what is 51 + -32?
15
In base 2, what is -100111 - 10001?
-111000
In base 3, what is 11 - -22?
110
In base 9, what is 84 - 2?
82
In base 14, what is 18 - 15a?
-142
In base 6, what is -5 + -120?
-125
In base 13, what is 0 - -b9?
b9
In base 8, what is -10051 - 5?
-10056
In base 11, what is -194 + 10?
-184
In base 15, what is 5 + -3a?
-35
In base 4, what is -23103 + -10?
-23113
In base 7, what is 1 - 43?
-42
In base 9, what is -11 + 30?
18
In base 2, what is -1001 + 10011111?
10010110
In base 12, what is -4 - 22?
-26
In base 4, what is -1330112 + -2?
-1330120
In base 15, what is c4 + 4?
c8
In base 9, what is 85 - -13?
108
In base 2, what is -100 - 10010111?
-10011011
In base 6, what is -41 - -3?
-34
In base 14, what is -335 + 28?
-30b
In base 7, what is -35 + -1634?
-2002
In base 7, what is -2630 + 0?
-2630
In base 6, what is 1435 - 2?
1433
In base 10, what is -19 - 1?
-20
In base 14, what is 3 - 74b?
-748
In base 8, what is 3347 - -1?
3350
In base 3, what is 0 - 21210?
-21210
In base 5, what is -41240 - 20?
-41310
In base 12, what is 1 - -41?
42
In base 3, what is 20022012 - 2?
20022010
In base 11, what is 7 + 212?
219
In base 7, what is 15 + -46?
-31
In base 2, what is -11 - -10000010000?
10000001101
In base 6, what is -103 + -424?
-531
In base 2, what is 101 - 100110?
-100001
In base 7, what is -5015 - 2?
-5020
In base 12, what is -4 - -65?
61
In base 6, what is -5 + -32?
-41
In base 15, what is 2 + -22a?
-228
In base 12, what is -2 - 756?
-758
In base 14, what is -11 - 23?
-34
In base 9, what is 3 + -104?
-101
In base 16, what is 428 + -3?
425
In base 3, what is -12220 + -11?
-20001
In base 15, what is 1 + -c03?
-c02
In base 10, what is -1 - 16?
-17
In base 6, what is 0 + 1224?
1224
In base 5, what is -14 + -214?
-233
In base 9, what is -40 - 87?
-137
In base 6, what is -41 - -4232?
4151
In base 4, what is 110 - 1?
103
In base 15, what is -5 - 1e?
-24
In base 8, what is 5 - -25?
32
In base 11, what is -6 - -20a?
204
In base 2, what is -111 - 10010010110?
-10010011101
In base 5, what is -3 - -14343?
14340
In base 8, what is 522 - -5?
527
In base 8, what is -512 + 4?
-506
In base 8, what is -752 + 12?
-740
In base 16, what is -5 + 63?
5e
In base 16, what is 1334 - -1?
1335
In base 16, what is -d6 - 1?
-d7
In base 6, what is -4 + 20453?
20445
In base 2, what is -10100 + 0?
-10100
In base 2, what is -1100 - -100?
-1000
In base 12, what is 3 - -745?
748
In base 7, what is -